et j(n) = -3*b(n) + 7*f(n). Calculate j(5).
0
Let r(j) = j + 3. Let m be r(0). Let w be (-20)/12*-1*m. Let k = w - 2. Let g(f) = f**2 - 5*f - 1. Calculate g(k).
-7
Let r(g) = -4*g - 9. Suppose -5*c = 36 - 6. Calculate r(c).
15
Let d(k) = -k + 6. Suppose 0 = -2*r - 3*p + 17, 31 = -0*r + 4*r + 3*p. What is d(r)?
-1
Let f(l) = 3*l + 7. Let c(p) = p + 1. Let j(u) = 2*c(u) + f(u). Let b(s) = 11*s + 19. Let r(m) = 6*b(m) - 13*j(m). Let v = 7 + -2. What is r(v)?
2
Let l(c) = -c - 2 + 1 + 2*c + c. Calculate l(-4).
-9
Let t(d) = -2*d**2 + 4*d + 13. Let n(w) = -w**2 + 7 - 2*w + 0*w + 4*w. Let p(v) = -5*n(v) + 3*t(v). Let y = -30 + 27. Determine p(y).
-11
Let f = -15 - -22. Let c(w) = w - 10. Determine c(f).
-3
Let f = 17 - 24. Let g = f + 9. Let z(r) = -4*r + 3. Give z(g).
-5
Suppose -5*u - 34 = -14. Let f(z) be the third derivative of z**6/720 + z**5/20 - z**4/24 - z**2. Let p(a) be the second derivative of f(a). Calculate p(u).
2
Let b = -11 - -12. Let r(i) = 8*i + 3. Let w(a) = a + 1. Let z(n) = r(n) - 3*w(n). What is z(b)?
5
Let q be ((-4)/12)/((-4)/12). Let v(i) = -3*i + 4*i**2 - q - 6*i**2 + 3*i. What is v(-2)?
-9
Let h(a) = -a**3 + 7*a**2 + 6*a - 3. Let r = 108 + -100. Calculate h(r).
-19
Let r(w) = 4*w**2 - 22*w - 25. Let y(i) = i**2 - 7*i - 8. Let v(n) = 2*r(n) - 7*y(n). Determine v(-4).
2
Let w(h) = -h**2 + 3*h + 4. Let f = 6 - 3. Give w(f).
4
Let z(t) = 0 + 5 - 8 - 1 + t**2. What is z(-3)?
5
Let d(c) be the third derivative of -c**6/120 + c**5/20 - c**4/8 + 11*c**2. Determine d(3).
-9
Let i(v) = -v - 2. Let a be (-1 - -4)/((-3)/(-2)). Let q be (a - 2)/(3 + -2). Let s = 3 + q. Calculate i(s).
-5
Let m(n) = n**2 - 12*n - 26. Let a be m(14). Let u(h) be the first derivative of a*h + 1/2*h**2 + 4. What is u(-3)?
-1
Let y(g) = g - 6. Let o be y(5). Let f(k) = k**3 + 10*k**2 + 8*k. Let c be f(-9). Let h(s) = -2*s**2 - c + 24 - 14 + 2*s. Determine h(o).
-3
Let u(s) = 11*s + 12*s - 21*s. Calculate u(4).
8
Let l(o) be the first derivative of -o**3/3 - 3*o**2 - 2*o + 4. Determine l(-6).
-2
Let s = -8 - -16. Let f(v) = -v**3 + 15*v**2 + 17*v - 12. Let b be f(16). Suppose -b*x + s*x = 0. Let h(z) = -z. Determine h(x).
0
Let q(n) = n**3 + 4*n**2 + 2*n. Let b(k) = -k - 2. Let c be b(2). What is q(c)?
-8
Let h(g) = -1 - 2*g - 1 + g. Let w(l) = l**3 + l**2 + l + 2. Suppose -s + 4*s = 0. Let i be w(s). Determine h(i).
-4
Let k = -85 + 88. Let i(o) = -o**2 + 3*o + 4. What is i(k)?
4
Let u(d) = -d**3 + 6*d**2 - 5*d + 3. Let j be 0/((-3)/(5 + -2)). Suppose 5*k - 6 - 19 = j. What is u(k)?
3
Let q(y) = y**3 + 3*y**2 - 4*y - 11. Let p(r) = r**3 + 4*r**2 - 5*r - 12. Let u(a) = -3*p(a) + 4*q(a). Determine u(0).
-8
Let f(m) = m**3 - 5*m**2 + 5*m - 1. Let y(n) = -2*n - 2. Let w be y(-3). Suppose 0*g = -g + w. What is f(g)?
3
Suppose -4*k - 2 = t + 5, -31 = -5*t + 2*k. Let b = t - 1. Let d(w) = w + 1. Give d(b).
5
Let f(x) = -8 + 3*x**2 + 2*x + x + 0*x - 2*x**2. Give f(-6).
10
Let m(h) = -h**3 - 2*h**2 + h + 1. Let c be m(-1). Let f(t) = t**3 + t - 1. Let g(o) = 4*o**3 - 5*o**2 + 9*o - 8. Let k(y) = c*g(y) + 3*f(y). Give k(4).
-3
Let s(w) = w + 14 - w - w - 12. Let k(x) = 2*x**3 - x**2 - 2*x - 1. Let j be k(-1). Let d be (j/(-5))/((-3)/(-15)). Give s(d).
0
Let k(u) be the third derivative of -u**4/24 + u**3/6 + 7*u**2. Suppose 2*z = s + 5, -5*s + 3*z = 2*z - 11. Determine k(s).
-2
Let q(m) = m**3 - 6*m**2 + 2. Let t(a) = -1. Suppose 0 = 2*r + 2. Let u(x) = r*q(x) + 3*t(x). Let z be ((-28)/(-49))/((-6)/(-63)). Give u(z).
-5
Let u be (3/(-3))/((-3)/9). Let m be 14/(-12) - u/(-18). Let i(s) = -4*s**3 + s + 1. Determine i(m).
4
Let c be (-2)/(-2)*(14 + -15). Let o(u) = -2*u. Calculate o(c).
2
Let p(y) = -y**2 - y - 1. Let o(r) = -3*r**2 - 8*r - 2. Let u(l) = o(l) - 5*p(l). What is u(2)?
5
Let z(w) = -w**2 + 8*w - 3. Let x(k) be the second derivative of -k**3 + k**2/2 + 4*k. Let j be x(-1). What is z(j)?
4
Let k = 0 + -1. Let r(s) be the second derivative of -s**5/120 - s**4/24 + s**3/6 + s. Let z(t) be the second derivative of r(t). What is z(k)?
0
Let y(c) = 2*c**2 + 413*c**3 - c**2 - 414*c**3 + 3. Determine y(0).
3
Let j(f) = -f**3 - 5*f**2 + 4*f - 5. Suppose 4*h + 5*d + 19 = 0, -3*h + 10 - 29 = -d. What is j(h)?
7
Let v(c) = -4*c - 1. Let x(u) = 35*u + 7. Let y(z) = 6*v(z) + x(z). Suppose 0*s + 2*s + 2 = 0. Calculate y(s).
-10
Let z(c) = -5*c - 1. Let s = -8 - -14. Suppose 3*i - 3 = -s. What is z(i)?
4
Let x(m) = -m**2 + m - 3. Suppose y - q - 2 = 0, 0*y - 4*q + 19 = 5*y. What is x(y)?
-9
Let g = 16 + -10. Let o be (-16)/g*(-12)/(-8). Let n(p) = -p - 9. Give n(o).
-5
Let t(i) = i**2 + 2*i - 4. Let a(s) be the third derivative of s**6/120 + s**5/12 - s**4/2 + 3*s**3/2 - 6*s**2. Let n be a(-7). Determine t(n).
11
Let f(m) = -2*m**3 + 3*m**2 - m - 2. Let k be 5 + 2 + (-1 - 0). Let a be (-4)/k + (-8)/(-3). What is f(a)?
-8
Let z(s) be the second derivative of -s**3/6 + 5*s**2/2 + 2*s. Suppose 3*t = -t + 24. Suppose -4*a + t + 14 = 0. Determine z(a).
0
Let q(p) = -4*p**2 - 2*p**3 - 7 + 11*p**2 - 4*p + p**3. Let y be 3 + (-76)/28 + 200/35. Determine q(y).
5
Suppose 5*g + 12 = -3*r, 0*r + 2*r - 17 = 5*g. Let l(k) = 3*k + 3*k - 4*k - 3*k - r. Determine l(2).
-3
Suppose 16 = 3*k + k - 4*p, -3*p + 23 = 4*k. Let q = -6 + k. Let m(a) be the third derivative of -a**6/20 - a**5/30 - a**4/24 + a**2. Give m(q).
5
Let z(u) = -3*u**3 - 21*u**2 - 3*u - 3. Let l(q) = -q**2. Let i(c) = 18*l(c) - z(c). Determine i(-2).
-15
Let q(y) = -5*y - 10. Let k(i) = -2*i. Let l(r) = -3*k(r) + q(r). Calculate l(8).
-2
Let x(o) be the first derivative of -o**4/4 - 2*o**3 - 5*o**2/2 + 3*o + 10. Give x(-5).
3
Let p(m) = 2*m - 2 - 6 + 3. Suppose -3*r = -2*r - 14. Suppose 4*g - r - 6 = 0. Determine p(g).
5
Suppose h + 2*h = 72. Let v = -22 + h. Let q(t) = t**3 - 5*t**2 + 2*t. Determine q(v).
-8
Let f be (-1 + 1)/(2 - 1). Let w(d) = 1 + 2 - 8 + f - 2*d. Determine w(-5).
5
Let h(f) = 3*f**2 - 8*f + 4. Let n be h(3). Let t(v) = v**3 - 8*v**2 + 8*v - 5. Calculate t(n).
2
Let n(j) = 2*j. Let u(q) = q. Let p(b) = n(b) + 2*u(b). Let s(m) = m**2 + 2*m - 1. Let h be s(-3). What is p(h)?
8
Let c(l) be the first derivative of -l + 1/2*l**2 + 2. Give c(5).
4
Let z(d) = -6*d**3 - 198*d + 198*d. Determine z(-1).
6
Let z be (-35)/15 + (-1)/(-3). Let q be -10 + 5 - 0/z. Let m(g) = -g**2 - 5*g - 3. Give m(q).
-3
Let a be (-1)/(-4) + 6/8. Let u(y) = -7*y + 8. Let q(v) = 4 - 2*v - 1 + 0*v. Let l(i) = -11*q(i) + 4*u(i). Give l(a).
-7
Let v(w) = 8 - 2*w**2 + 9*w + 10 - 7 + 3*w**2. What is v(-8)?
3
Let u(t) = t - 1. Let v be u(-3). Let k(p) = -2*p - 5. Determine k(v).
3
Let m be (-4)/3 + (-2)/3. Let g(t) be the third derivative of -t**5/60 - t**4/6 - t**2. Determine g(m).
4
Let l(r) be the second derivative of r**5/20 - r**4/3 - r**3 + 2*r**2 - 8*r. Determine l(5).
-1
Let v(q) = 6*q + 5 - 4*q - 2*q - q. Let p be v(5). Let g be (2 - -1) + (p - 5). Let x(n) = 4*n + 1. What is x(g)?
-7
Let b(u) = 0*u**3 - u**3 - u**2 + 9*u**2 + 9*u + 3. Let v be b(9). Let j(n) = 0*n + 3*n**3 - 2*n**3 + v*n - 3*n**2. Give j(2).
2
Let g(x) = x**3 - 3*x**2 + 3. Suppose -3*k + 5*a = 2*k - 60, 0 = 4*a + 8. Suppose 5*y - k = 5. Give g(y).
3
Let g(j) = -j**3 - 2*j**2 + 2*j + 2. Suppose 5 - 3 = v. Suppose 2*w + 4*z - z = 0, -4*z = v*w - 2. What is g(w)?
5
Let q(j) = -2*j**3 - j**2 - j. Let r be q(-1). Let o(t) = -3*t**2 - t**3 - 2*t**2 + t**r + 0*t**3. Determine o(-4).
0
Let j(x) = -x + 5. Suppose -3*z + 30 = 5*i, 2*z - 3 = -i + 3. Calculate j(i).
-1
Let r(u) be the second derivative of u**4 + u**3/6 - 6*u. Determine r(1).
13
Let j(n) be the first derivative of -n**3/3 + 3*n**2 - n + 1. Suppose -2*d = 2*d - 3*q - 12, 2*q = -2*d + 20. Determine j(d).
-1
Let b be 128/(-12)*9/(-6). Let q = b + -10. Let c(n) = -n**3 + 7*n**2 - 4*n - 2. Give c(q).
10
Let o(n) = 11*n + 9. Let d(c) = 2*c + 3*c + 2 - c + 1. Let g(u) = -17*d(u) + 6*o(u). Determine g(-4).
11
Let j(p) = -p**2 - p + 1. Let v(z) = -8*z + 6. Let o(k) = -4*j(k) + v(k). Give o(2).
10
Let o(p) = -p. Let r be ((-24)/(-36))/(4/42). Give o(r).
-7
Let s(m) be the second derivative of 0*m**5 + 0 + 0*m**2 - 1/12*m**4 - 2*m + 0*m**3 + 1/720*m**6. Let f(w) be the third derivative of s(w). Calculate f(3).
3
Let d(i) = -i**2 + 4*i. Let b(l) = l. Let q(k) = b(k) + d(k). Let s(h) = h + 13. Let o be s(-7). Calculate